it of h?
4
Suppose -3*a + 12511 - 4366 = 3*u, 5*u = -2*a + 5415. What is the units digit of a?
0
Suppose -3 = -k - 4*p, -p = -5*k + p + 15. Suppose 0 = m - 2*c - k*c - 41, 0 = -m + c + 21. What is the units digit of m?
6
Suppose 14 = 2*m - 7*m - 2*j, -3*j = -9. Let q be (11 - (-75)/(-6)) + 1/(-2). What is the tens digit of (-44)/(-4)*m/q?
2
Suppose a + 173 - 623 = -5*v, 3*a = -4*v + 360. What is the units digit of v?
0
Let t(p) be the third derivative of 1/24*p**4 - 4*p**2 + 0 + 1/120*p**6 + 0*p + 0*p**3 + 1/20*p**5. What is the units digit of t(-2)?
2
Let u(m) = 1989*m**3 + m**2 + 2. What is the thousands digit of u(1)?
1
Suppose 4*p - 1852 = -5*i, 2*i - p + 6*p - 734 = 0. Suppose -5*q + 0*v + 4*v + i = 0, 5*q - 2*v - 366 = 0. What is the units digit of q?
2
Let t(n) = 5*n**2 - 19*n + 25. What is the units digit of t(-10)?
5
Let o be (-42)/7 + -2 + 0. Let h = o - -39. What is the units digit of h?
1
Let v = -18 + 25. Let y = -4 + v. Suppose 3*k + 23 + 13 = y*f, -4*f - 5*k = -75. What is the units digit of f?
5
Let h = 353 + -152. What is the hundreds digit of h?
2
Suppose -t = t - 6. Suppose -t*o - 10 = -5*o. Let d(v) = v + 1. What is the units digit of d(o)?
6
Let r(z) = z**3 + 2*z**2 - 41*z + 8. What is the units digit of r(-7)?
0
Suppose 4*h - 12*h + 2592 = 0. Let f = h - 125. What is the tens digit of f?
9
Let i(q) = 8*q**2 - 4*q + 47. What is the hundreds digit of i(25)?
9
Let h = -338 + 697. What is the units digit of h?
9
Let a be (-188)/(-141)*(-90)/(-4). Let u be (-4)/(-1 + 0) - 2. Suppose u*y + y = a. What is the units digit of y?
0
Let q(j) = -6*j + 6. Let s be q(5). Let c = -3 - s. What is the units digit of c/49 + (-4)/(-7)?
1
Suppose -s + 1 - 4 = 0. Suppose -443 = -3*g - 2*b + 141, -402 = -2*g + 5*b. What is the units digit of (-2)/s - g/(-21)?
0
Let r be (1 - 9)*27/(-108). What is the units digit of (r - 7/3)*-267?
9
Suppose 3*s - 2*n = 0, -15 = 4*s + 3*n + 2. Let k be ((-3)/(-3))/(s/(-6)). What is the units digit of k - (-14 - (-4)/1)?
3
Suppose -w = 2*p - 2361, -5*w - 5834 + 17659 = 5*p. What is the tens digit of w?
6
Let y(l) = -222*l - 169. What is the tens digit of y(-5)?
4
Suppose -4*z - 52 = -p - 3*p, 0 = -2*z - 3*p - 26. Let q = -16 - z. What is the units digit of (q/(-6))/((-5)/(-520))?
2
Let m(v) = -v**3 + 15*v**2 + 19*v - 23. Let s = -28 + 44. Let h be m(s). Suppose -4*r + 2*d + h = d, 5*d - 25 = -5*r. What is the units digit of r?
6
Let x be ((-5)/3)/((-7)/105*5). Suppose x*o + 10 = 0, o - 451 - 168 = -3*r. What is the hundreds digit of r?
2
Suppose -31*l - 12458 = -31368. What is the tens digit of l?
1
Suppose 5*g - 28307 = -2*v + 4*g, g = v - 14155. What is the units digit of v/147 + (-4)/14?
6
What is the hundreds digit of 340/30*(20 - (0 - -2))?
2
Suppose 9*y + 116 = 1061. What is the hundreds digit of y?
1
Let k = 1631 + -1426. What is the hundreds digit of k?
2
Suppose -87*y + 347917 = 94486. What is the thousands digit of y?
2
Let m be 1/(3 + -6 + 4). What is the units digit of m/(5/(3*50))?
0
Let u be 2 + 3/1 + 10. Suppose 10*z - u*z + 660 = 0. What is the units digit of z?
2
Let b(a) = -a**2 + 21*a - 12. Let d be b(8). Suppose -5*q = -7*q + d. What is the units digit of q?
6
Let u = 59 - 32. Let y = u + -22. Suppose 0 = -y*v + 3*v + 16. What is the units digit of v?
8
Let w = -965 + 1512. What is the tens digit of w?
4
Suppose -7*d + 84 = -84. Suppose d*w - 489 = 21*w. What is the hundreds digit of w?
1
Let g = -60 - -64. Suppose g*q + 792 = 4*j - 0*q, 986 = 5*j - 4*q. What is the tens digit of j?
9
Let c(k) = 2*k**2 - 12*k. Let q be (-50)/(-6) - 4/(-6). Let b be c(q). Let l = 91 - b. What is the units digit of l?
7
Let o(v) = -104*v**3 + 2*v**2 + 6*v + 3. What is the tens digit of o(-2)?
3
Suppose -q - 3*q - 2490 = -5*g, -3*g = -2*q - 1496. What is the tens digit of g?
0
Let o(j) = -j**2 - 18*j + 48. Let u be o(-23). Let k = u - -70. What is the units digit of k?
3
Let u(o) = o + 5. Let m be u(-5). Suppose -5*p + 141 + 24 = m. Let y = 4 + p. What is the tens digit of y?
3
What is the units digit of 4 - (-5*12 - 18/6)?
7
Suppose 0 = -a + 4 + 1. Suppose z - 4*z = 0. Suppose -o + 9 = 5*r, z = -a*r + 3*r - 6. What is the tens digit of o?
2
Suppose -2013 = -44*x + 1023. Let u = -94 - -209. Let n = u - x. What is the tens digit of n?
4
Let k be ((-56)/(-32))/((-1)/(-4)). Suppose 360 = k*i + 136. What is the units digit of i?
2
Suppose 7*o - 2993 = 1200. What is the hundreds digit of o?
5
Let y = -17 + 17. Let j(p) = p**3 + p + 24. What is the units digit of j(y)?
4
Let i(t) = 0*t - 13*t + t**2 - t + 10. What is the tens digit of i(14)?
1
Let t be (-13)/(-3) - 2/6. Let a be 33 + 0 + (7 - 1). Let j = a + t. What is the tens digit of j?
4
Let q(m) = 25*m + 1472. What is the units digit of q(0)?
2
Suppose 5*y = 2*y + 3903. What is the hundreds digit of y?
3
Suppose -14 = -f + l, 4*f - 31 - 10 = l. Suppose f*i + 262 = 1018. What is the units digit of i?
4
Suppose 0 = 51*a - 43*a - 6472. What is the units digit of a?
9
What is the tens digit of (-2607)/(-21) + (-58)/14 + 4?
2
Suppose -2*g - 23 = -5*q + 14, -q - 4*g + 25 = 0. Let o(b) = -b + 10. Let h be o(6). Suppose q*f - 50 = h*f. What is the tens digit of f?
1
Let t = -808 - -1237. What is the hundreds digit of t?
4
Let g(i) be the second derivative of -i**3/6 + 3*i**2/2 + 6*i. What is the units digit of g(2)?
1
Let f(o) be the first derivative of 7*o - 2*o**3 + 6 + 1/4*o**4 + 1/2*o**2. What is the units digit of f(6)?
3
Suppose 2*d + 2*f - 1000 = 0, 2*d + 3*f - 544 - 460 = 0. What is the units digit of d?
6
Let s(j) be the first derivative of j**3/3 + 3*j**2/2 + 12*j + 10. What is the units digit of s(-6)?
0
Let c be ((-56)/20)/(6/(-15)). Let a = c - -19. Let m = 36 - a. What is the tens digit of m?
1
Let p = -22 + 25. Suppose 2*o + n - 37 = 0, 8*o + 2*n - 95 = p*o. What is the units digit of o?
1
Let i = -19 - -31. Suppose 0 = -i*x + 7*x - 5. What is the tens digit of 5 - -39 - (-1 + x)?
4
Suppose -22*t + 13*t = -18. What is the tens digit of 295/4 - 15/40*t?
7
Let y(b) = 43*b + 47. What is the units digit of y(3)?
6
Let d = 79 + -9. Suppose -2*j = 2, 4*x - 5*j + d = 279. What is the units digit of x?
1
Let x be 3/(-1*(-1)/2). Let q(o) = 75*o - 6. Let m(z) = 62*z - 5. Let v(n) = -6*m(n) + 5*q(n). What is the tens digit of v(x)?
1
Suppose -18*j + 11*j + 23947 = 0. What is the hundreds digit of j?
4
Suppose -5*q + 584 = -q. Let c = q + -65. What is the units digit of c?
1
Let f = -206 + 138. Let q = f - -44. What is the tens digit of 441/12 + (-6)/q?
3
Suppose -a + 2*d + 392 = 0, 120 + 1072 = 3*a + 2*d. What is the hundreds digit of a?
3
Suppose 7*x - 4 = 17. Suppose 375 = -2*j + 5*j + 2*z, x*j = -4*z + 381. Let h = -86 + j. What is the tens digit of h?
3
What is the tens digit of (-6)/5 + (-18347)/(-35)?
2
Let k = -45 + 50. Suppose -l = k*b - 37, 0*b + 4*b + 5*l - 38 = 0. What is the units digit of b?
7
Let b(t) = t**3 - t + 2. Let n be b(0). What is the tens digit of 161 - (n + -2 + 1)?
6
What is the hundreds digit of (-987)/((-9 + 7)/2)?
9
Suppose -14566 = -10*d + 6884. What is the units digit of d?
5
Let i be 6/21 + (-72)/7. Let p = 51 - 55. What is the tens digit of (-73)/(-5) + p/i?
1
Let p(x) = -8*x - 9. Let f be p(-3). Suppose 6*u = -5*k + u + f, 5*k - 9 = u. What is the tens digit of 29*(1 + 1)/k?
2
Let l(b) = -b**2 + 12*b - 2. Let r be l(11). Let y(s) = -s**2 + 9*s + 17. What is the tens digit of y(r)?
1
Suppose -3*c + 8*c = 10. Suppose 2 = 3*a + c*i, -a - i - 13 = -3*a. Suppose 5*g - 3*g - 29 = 3*d, -a*d - 64 = -4*g. What is the tens digit of g?
1
Suppose 1109 = 12*r - 8*r - w, r - 275 = w. What is the tens digit of r?
7
What is the units digit of (-2544)/(-10) - (-63)/105?
5
Suppose 0 = -17*a + 7400 - 838. What is the hundreds digit of a?
3
Suppose 0 = 4*i + 332 + 32. Let b = -61 - i. Let u = b + -7. What is the units digit of u?
3
Suppose -o - k + 1257 = 2*o, o + k - 417 = 0. Suppose 9*r - 4*r + 2*s + o = 0, 336 = -4*r + 5*s. What is the units digit of r/(-30) + 1/5?
3
Let u(f) = f**3 - 6*f**2 + 6*f + 3. Let w be u(5). Suppose 3*o + n - 11 = 0, o - 5*n - 1 = 2*o. Suppose -o*l + 2*l + w = 0. What is the units digit of l?
4
Let k be ((-1)/2)/((-1)/(5 - -117)). Suppose -4*g = -3*n - 252, -g - 4*n + k = -2. What is the units digit of g?
3
Suppose 3*o 